Is 118276771 a prime number?
True
Is 9376219 a composite number?
False
Is 307262213 a prime number?
True
Is 643169 a composite number?
True
Is 550519 prime?
True
Is 2582143 prime?
True
Is 1019761 a prime number?
False
Is 1149397 prime?
False
Is 135578194 prime?
False
Is 57135149 composite?
True
Is 38543897 composite?
True
Is 464029 prime?
False
Is 360743 composite?
True
Is 48657397 a composite number?
True
Is 73758239 a prime number?
True
Is 4215409 a prime number?
False
Is 31907303 composite?
True
Is 13555309 a composite number?
True
Is 1936289 a prime number?
True
Is 289279 composite?
True
Is 967139 a composite number?
False
Is 669089 a composite number?
False
Is 48736353 composite?
True
Is 9074959 a composite number?
False
Is 13818043 composite?
False
Is 62002286 a prime number?
False
Is 4491803 a prime number?
False
Is 1585374487 prime?
True
Is 771781 a composite number?
False
Is 23204789 a composite number?
True
Is 62578501 composite?
False
Is 237037 a composite number?
True
Is 193124431 a prime number?
True
Is 175039 a prime number?
True
Is 4229003 prime?
True
Is 89701919 composite?
False
Is 61265417 prime?
True
Is 10452517 prime?
True
Is 5050646 composite?
True
Is 51845511 composite?
True
Is 12042241 a composite number?
False
Is 126247201 a composite number?
False
Is 178657439 a prime number?
False
Is 1659367 prime?
False
Is 432269699 composite?
False
Is 1068941 a prime number?
True
Is 731634443 composite?
False
Is 13455853 prime?
True
Is 80880391 composite?
True
Is 82253 prime?
False
Is 3138547 a composite number?
False
Is 143200165 a composite number?
True
Is 42222599 a prime number?
True
Is 2683633 prime?
False
Is 11339293 composite?
True
Is 219725071 composite?
False
Is 2087851 composite?
True
Is 297467 a prime number?
True
Is 29015839 composite?
False
Is 12793019 composite?
True
Is 59267246 a composite number?
True
Is 6293137 a prime number?
True
Is 2741653 composite?
False
Is 112358793 a prime number?
False
Is 48898099 composite?
True
Is 22407303 a composite number?
True
Is 2182807 prime?
False
Is 1467091 a prime number?
True
Is 7673755 prime?
False
Is 2473871 a composite number?
False
Is 4985749 a prime number?
True
Is 208805557 prime?
True
Is 61980599 prime?
False
Is 139638557 composite?
True
Is 408328241 prime?
False
Is 208890415 prime?
False
Is 323073787 prime?
True
Is 706245103 composite?
False
Is 123614503 a prime number?
False
Is 1143059 prime?
False
Is 48390863 prime?
False
Is 324506807 a composite number?
True
Is 33628121 a composite number?
False
Is 11642093 a prime number?
False
Is 354933517 a composite number?
True
Is 884537 a composite number?
False
Is 512180819 composite?
False
Is 354151186 prime?
False
Is 193007 composite?
True
Is 9292333 a composite number?
False
Is 151158017 a prime number?
True
Is 110953567 composite?
False
Is 2823857 prime?
True
Is 118751 a composite number?
False
Is 1638051 prime?
False
Is 25992191 a prime number?
True
Is 491773 a prime number?
True
Is 88844411 prime?
True
Is 64016353 prime?
True
Is 100285939 a composite number?
True
Is 4585423 a composite number?
False
Is 2744821 a composite number?
True
Is 2070722 a composite number?
True
Is 582746165 a composite number?
True
Is 45730589 a composite number?
False
Is 3692123 composite?
False
Is 135154057 prime?
False
Is 124008211 composite?
True
Is 21412007 composite?
True
Is 126577237 a composite number?
False
Is 6850997 composite?
False
Is 168591557 a prime number?
True
Is 419008913 a prime number?
True
Is 3900595 composite?
True
Is 1123127 a prime number?
True
Is 3331281 a composite number?
True
Is 2454587 prime?
True
Is 372490627 a prime number?
True
Is 475605077 prime?
False
Is 358487093 composite?
False
Is 13023383 composite?
False
Is 4414537 composite?
False
Is 1265729 a prime number?
True
Is 5310119 a composite number?
False
Is 2874953 a composite number?
True
Is 13434901 prime?
False
Is 2922547 a prime number?
True
Is 1041497 a composite number?
False
Is 10870729 a prime number?
True
Is 1849619 a prime number?
False
Is 153210007 a prime number?
False
Is 5005199 prime?
True
Is 35037361 a prime number?
True
Is 106543747 composite?
False
Is 7163831 a composite number?
False
Is 199813409 a composite number?
False
Is 706801 composite?
False
Is 79618871 a composite number?
True
Is 5752489 a prime number?
True
Is 13838831 prime?
True
Is 10575431 a composite number?
False
Is 1119947 prime?
True
Is 1391701 a composite number?
False
Is 29559641 a prime number?
True
Is 222653 prime?
False
Is 30331579 a composite number?
True
Is 540895 prime?
False
Is 79305929 a prime number?
True
Is 229747073 prime?
True
Is 21590369 composite?
False
Is 51782635 a prime number?
False
Is 11650511 a prime number?
True
Is 108137069 a prime number?
True
Is 738733 composite?
True
Is 10630027 a prime number?
False
Is 161187107 a composite number?
False
Is 7107157 a composite number?
False
Is 574219 composite?
False
Is 1511261 a prime number?
False
Is 578089 prime?
False
Is 3133959 a prime number?
False
Is 74854163 a composite number?
False
Is 3715169 composite?
False
Is 2255701 composite?
True
Is 77907833 a prime number?
False
Is 402784651 prime?
True
Is 10417171 composite?
False
Is 2020157 a prime number?
False
Is 16772971 a prime number?
False
Is 2699041 prime?
False
Is 20572823 prime?
False
Is 12145589 prime?
True
Is 10874021 prime?
True
Is 7278038 prime?
False
Is 72983 composite?
True
Is 7401827 a prime number?
True
Is 53890807 prime?
True
Is 497177 prime?
True
Is 93745763 prime?
True
Is 31328309 a prime number?
True
Is 3938771 prime?
True
Is 164347 composite?
True
Is 61856579 a composite number?
False
Is 4188397 a prime number?
False
Is 2597435 a prime number?
False
Is 3925579 a composite number?
True
Is 27168761 composite?
True
Is 155095 a prime number?
False
Is 42495377 composite?
False
Is 34896853 composite?
False
Is 9132691 a composite number?
False
Is 12710827 a composite number?
False
Is 2376357 prime?
False
Is 282612943 prime?
True
Is 5933033 composite?
True
Is 277924481 composite?
True
Is 1093327 prime?
True
Is 125435147 composite?
False
Is 86567081 a prime number?
True
Is 6190393 prime?
False
Is 16979287 prime?
False
Is 459943777 a composite number?
False
Is 7101893 prime?
True
Is 3484829 a prime number?
True
Is 19205311 prime?
True
Is 33664819 composite?
False
Is 704401199 composite?
False
Is 4320389 composite?
True
Is 273349663 composite?
False
Is 881177 composite?
True
Is 275887 composite?
True
Is 17337181 a prime number?
True
Is 34151449 composite?
False
Is 35365687 prime?
False
Is 5506909 a prime number?
True
Is 527723813 a prime number?
True
Is 11908685 a prime number?
False
Is 11223353 a prime number?
False
Is 9474709 a composite number?
True
Is 741457 composite?
False
Is 1065541 prime?
False
Is 23330497 a composite number?
True
Is 417364657 composite?
False
Is 110327 a prime number?
False
Is 80479097 a prime number?
True
Is 118126433 a prime number?
False
Is 7301279 a prime number?
False
Is 140760497 a prime number?
False
Is 3445931 a prime number?
True
Is 4536341 prime?
True
Is 7105409 composite?
True
Is 3925481 composite?
True
Is 1802491 prime?
True
Is 899441 a prime number?
False
Is 377809 a prime number?
True
Is 3601973 a composite number?
True
Is 39323 a prime number?
True
Is 108540629 a composite number?
False
Is 7702199 composite?
False
Is 1245509 composite?
False
Is 60798977 composite?
True
Is 1043035333 a composite number?
False
Is 4128563 prime?
False
Is 2357219 a prime number?
True
Is 12758167 a composite number?
False
Is 18636353 composite?
True
Is 58235279 prime?
True
Is 322164377 a prime number?
True
Is 5026057 prime?
True
Is 161807 prime?
True
Is 11526041 prime?
True
Is 55370701 prime?
True
Is 6849433 composite?
True
Is 2990867 composite?
True
Is 5646229 a composite number?
False
Is 57273233 prime?
True
Is 1779665 composite?
True
Is 38699851 a composite number?
True
Is 360199427 a prime number?
False
Is 237025391 a prime number?
True
Is 10664699 a prime number?
True
Is 7425587 prime?
False
Is 46713259 a prime number?
True
Is 165710827 a composite number?
True
Is 8470531 a composite number?
False
Is 2755661 a composite number?
False
Is 40325471 prime?
False
Is 61140137 a composite number?
False
Is 13986683 composite?
True
Is 224